emainder when t is divided by 25.
18
Suppose -7 = y - 22. Let b = y + -19. Calculate the remainder when (84 - (b - -2)) + -5 is divided by 29.
23
Calculate the remainder when -882*(-12 - 170/(-15)) is divided by 31.
30
Suppose -32 + 7 = -h. Let z = 166 + -45. Let t = -27 + z. Calculate the remainder when t is divided by h.
19
Suppose 5 = 3*w - 8*w, -2*s - w + 479 = 0. Let t = s - 103. Suppose 109 = 3*y + 4*l - 4, 0 = -3*y + 2*l + t. Calculate the remainder when 84 is divided by y.
41
Suppose 119*x - 125*x + 18 = 0. Suppose p + 8*f - 13*f - 48 = 0, x*f + 58 = p. Calculate the remainder when p is divided by 11.
7
Let y(k) = k**3 + 2*k**2 - k. Calculate the remainder when (2/(-6) + -1)/(9 - 3465/378) is divided by y(-2).
0
Suppose 5*c = -4*h + 4069, 6*c - c = 2*h + 4063. Calculate the remainder when c is divided by 24.
21
Calculate the remainder when 6/(-16) + (-5)/(-10) + 123473/56 is divided by 85.
80
Let y be ((-1)/(-3))/(41180/(-4575) + 9). Let h = -1 - y. What is the remainder when h is divided by 78?
70
Suppose -6*t = -10*t + 24. What is the remainder when 149 is divided by t?
5
Let i = 137 - 79. Suppose 5*k + 5*w - 5 = 0, 4*k - 5*w + 4 - 26 = 0. Suppose k*c - 28 = 2*z, c + 0*c - 32 = -5*z. What is the remainder when i is divided by c?
10
Let m(z) = -5*z**3 - 280*z**2 - 9*z + 7. Calculate the remainder when m(-56) is divided by 32.
31
Let w(d) = 27*d. Let g be 7 - (-1 - 9/(18/(-4))). Suppose 2*v + 66 = 4*o, 2*o - g = -3*v + 7. What is the remainder when w(1) is divided by o?
13
Let g = -847 - -929. Calculate the remainder when 506 is divided by g.
14
Let p = 35828 - 35632. What is the remainder when 2348 is divided by p?
192
Let c be (-32)/15 + 2 - 434/(-105). Suppose 3*x - 1561 = -c*x. What is the remainder when x is divided by 28?
27
Let b be ((-1)/(-1))/((-7)/(-133)). Suppose 18*l - b*l = -44. Let z = 42 + -19. Calculate the remainder when l is divided by z.
21
Suppose -w = 5*y - 630, -5*y - 3*w + 359 = -281. Suppose -4*c - y = -1. Let o = c - -42. Calculate the remainder when 28 is divided by o.
6
Suppose 175 = 5*h - 0. Suppose h*p + 76 = 33*p. Let a = -1 - p. Calculate the remainder when a is divided by 10.
7
Suppose -9*k + k + 4432 = 0. Suppose k = 13*o + 47. What is the remainder when o is divided by 10?
9
Let i = -15462 + 23529. What is the remainder when i is divided by 15?
12
Suppose 0 = 8*z - 5*z - 57. What is the remainder when (-13 - -8)/(2/(-14)) is divided by z?
16
Let a be (-3 + 10/3)/(1/21). Suppose -4*l - a*c + 196 = -6*c, 98 = 2*l - 2*c. Let o = l + 5. What is the remainder when 160 is divided by o?
52
Suppose 34*k + 146 = 33*k. Let u = k + 191. What is the remainder when u is divided by 4?
1
Let t = -8565 - -8711. Calculate the remainder when t is divided by 27.
11
What is the remainder when (9/2)/(1/30) is divided by 7*8*(-3)/(-36)*6?
23
Let q(z) = -366*z**3 - 2*z**2 + 3*z + 5. Let p be q(-1). Let x = p + -305. What is the remainder when x is divided by 18?
7
Suppose -2*c = -5*k - 3*c + 42, c + 22 = 3*k. Let y be (-1250)/(-45) + ((-4)/(-9))/2. Suppose -2*s = -s - y. What is the remainder when s is divided by k?
4
Let d(g) = -g**2 + 5*g + 20. Let h be d(7). Let p be -6 + h + (-3 - 1). Calculate the remainder when (p + 13 - 3)/((-6)/(-8)) is divided by 6.
2
Calculate the remainder when 1220 is divided by 144/(-162) + (-214)/(-18).
10
Let a be 3711/(-24) - (-3 + 216/64). Suppose 4*k + 1199 - 51 = 0. Let c = a - k. What is the remainder when c is divided by 27?
24
Let r(z) = 3. Let u(l) = l. Let v(p) = r(p) - u(p). Let o be v(0). Calculate the remainder when ((8/o)/(6/(-144)))/(-1) is divided by 13.
12
Let l(p) = 3*p**2 + 22*p + 283. What is the remainder when l(0) is divided by 96?
91
Let n = -10365 - -10425. Calculate the remainder when 145 is divided by n.
25
Let n(c) = -2*c**3 - 6*c**2 - 6*c + 4. Suppose 5*u = -31*z + 36*z + 130, 4*z - 24 = 0. Calculate the remainder when n(-5) is divided by u.
6
Let m = 2 - -1. Suppose -m*t - 35 = -5*s + t, -35 = -5*s + t. Suppose -c + 304 = s*c. Calculate the remainder when c is divided by 13.
12
Let w = -1374 + 1440. What is the remainder when w is divided by 10?
6
Let q(p) = -p**2 + 11*p + 6. Let f be 0/((0 - 2)*-1). Let n be -2 - (-12 + f) - (13 - 13). What is the remainder when q(n) is divided by 11?
5
Let r = -60379 - -60408. Suppose -p = -4*p + 510. Calculate the remainder when p is divided by r.
25
Suppose -62*o + 59*o + 123 = 0. Let i = o + 35. Calculate the remainder when i is divided by 23.
7
Calculate the remainder when (-5265)/52*(-20)/15 is divided by 129.
6
Let c be ((-2)/(4/30))/1. Let d = -9 - c. Suppose -18 = -6*n - d. Calculate the remainder when n is divided by 1.
0
Let j = -32 - -9. Let w = j + 12. Let z(x) = -x**3 - 10*x**2 + 11*x + 2. What is the remainder when 4 is divided by z(w)?
0
Let b = -6 - -8. Calculate the remainder when (8/92 + 5185/(-115))*-1 is divided by b.
1
What is the remainder when 46 is divided by (-13)/(-299) + (-1788)/(-138)?
7
Let t(s) = -2*s**3 - 40*s**2 - 34*s + 71. Calculate the remainder when t(-20) is divided by 5.
1
What is the remainder when (-4 - (-23 + 20))*-6316 is divided by 18?
16
Let t be 67/(((-2)/3)/(-2)). Suppose -t = -9*m - 21. Suppose -3*v = -132 - 159. What is the remainder when v is divided by m?
17
Let l(p) be the first derivative of 7*p**2 - 132*p - 150. What is the remainder when 35 is divided by l(10)?
3
Suppose -108*n + 100*n = -80. Let f(r) = r**3 + 4*r**2 - 4*r - 3. Let y be f(-5). What is the remainder when (-25)/(-100) - -2*(-347)/y is divided by n?
7
Let s be (3 + -1)/((-5)/(-20)). Let n(u) = -u**2 - 31*u - 10. Let b be n(-30). Let m = b + s. Calculate the remainder when 136 is divided by m.
24
Suppose 416*b - 2*a = 418*b - 1100, 5*b - 4*a - 2678 = 0. Calculate the remainder when 594 is divided by b.
52
Let k(s) = s**3 - 63*s**2 - 3*s + 306. Let r be k(63). Let m = -141 - -248. Let l = r - m. What is the remainder when l is divided by 4?
2
Let s(v) = v**2 - 29*v + 30. Let l be s(24). What is the remainder when (l/7)/((16/(-28))/4) is divided by 7?
6
Let h(g) be the second derivative of 2*g**3/3 + 193*g**2/2 + 136*g. Calculate the remainder when h(-38) is divided by 11.
8
Let h(v) = 4*v**2 + 27*v + 32. Let g be h(-7). Suppose 0 = g*i - 13*i - 936. Calculate the remainder when 109 is divided by i.
1
Suppose 0 = 4*z + 3*f - 20, -f + 6*f = 5*z + 10. Let n be z/(-3) - 6/(90/(-26785)). What is the remainder when (4/10)/(-4 + 7147/n) is divided by 15?
12
Suppose 0 = x - 15 - 24. Let v(t) = -t - t + 154 - 115. What is the remainder when x is divided by v(14)?
6
Let d be (4/16*0)/(-1) + 155. Let o = -148 + d. Suppose 3*b = 4*q - b - 164, -3*q - b = -119. What is the remainder when q is divided by o?
5
Let y = 4263 - 1888. Calculate the remainder when y is divided by 36.
35
Suppose -77*z - 761 + 2037 = -1881. Suppose -3*n = 8 + 49. Let h = n + z. Calculate the remainder when 86 is divided by h.
20
Suppose 786 = -6*s - 0*s. Let w = s - -205. Calculate the remainder when w is divided by 25.
24
Suppose 0 = -75*m + 1536 + 26814. Calculate the remainder when m is divided by 62.
6
Calculate the remainder when 2044 is divided by ((-729450)/(-5250) - 4/(-70)) + -11.
124
Let h be (-4)/(-4)*(-1 + 4 + -1). Suppose -4 = 2*i - i, h*i = 5*f - 68. Calculate the remainder when -1 - (-3 + 0) - -33 is divided by f.
11
Let c(s) = -s**3 + 11*s**2 - 11*s - 32. Let q be c(10). Suppose -m = 3*m - 192. Calculate the remainder when m is divided by (3 + (-4 - 1))*q/12.
6
Let d be 16/(-5)*(4 - (-1 + -5)). Let c = d - -29. Calculate the remainder when 44 is divided by (2 - 3/c)*(4 - -2).
8
Let k = -16 - -9. Let q(a) = 2*a**2 - 16*a - 58. What is the remainder when q(k) is divided by 26?
22
Let n be 188*(17/68 - (-6)/8). Let k = 202 - n. Calculate the remainder when 218 is divided by k.
8
Let x = 83 + -64. Let j = 1509 + -1434. Calculate the remainder when j is divided by x.
18
Let b(a) = a**3 + a**2 - 23*a + 12. Calculate the remainder when 49 is divided by b(5).
2
Let i(k) = -4*k**3 - 4*k**2 - 154*k - 596. What is the remainder when i(-4) is divided by 20?
12
Let z = 13582 - 13258. What is the remainder when 1309 is divided by z?
13
Let v = -49 - -109. Suppose m + 4*z + z = -v, -3*m = 4*z + 136. Calculate the remainder when -1 + (3 - ((m - 0) +